{"id":142,"date":"2020-01-02T19:29:20","date_gmt":"2020-01-02T18:29:20","guid":{"rendered":"http:\/\/zimanyi.hu\/?page_id=142"},"modified":"2020-01-05T12:48:00","modified_gmt":"2020-01-05T11:48:00","slug":"linkek","status":"publish","type":"page","link":"https:\/\/zimanyi.hu\/?page_id=142","title":{"rendered":"LINKEK"},"content":{"rendered":"\n<div class=\"wp-block-image\"><figure class=\"aligncenter size-large\"><img loading=\"lazy\" width=\"990\" height=\"373\" src=\"https:\/\/zimanyi.hu\/wp-content\/uploads\/2020\/01\/image01.jpg\" alt=\"\" class=\"wp-image-152\" srcset=\"https:\/\/zimanyi.hu\/wp-content\/uploads\/2020\/01\/image01.jpg 990w, https:\/\/zimanyi.hu\/wp-content\/uploads\/2020\/01\/image01-300x113.jpg 300w, https:\/\/zimanyi.hu\/wp-content\/uploads\/2020\/01\/image01-768x289.jpg 768w\" sizes=\"(max-width: 990px) 100vw, 990px\" \/><\/figure><\/div>\n\n\n\n<ul><li><a href=\"http:\/\/www.vargamakai.com\">Varga Istv\u00e1n &amp; Makai Roz\u00e1lia weblapja<\/a><\/li><li><a href=\"http:\/\/www.ejfelikialtas.hu\">\u00c9jf\u00e9li Ki\u00e1lt\u00e1s Misszi\u00f3<\/a><\/li><li><a href=\"http:\/\/www.kezdetek.hu\">Protest\u00e1ns Teremt\u00e9skutat\u00f3 K\u00f6r<\/a><\/li><li><a href=\"http:\/\/www.mbb.hu\">Magyar Belmisszi\u00f3 Biatorb\u00e1gy<\/a><\/li><li><a href=\"http:\/\/www.evangeliumikiado.hu\">Evang\u00e9liumi Kiad\u00f3 \u00e9s Iratmisszi\u00f3<\/a><\/li><li><a href=\"http:\/\/www.kekkereszt.org\">Reform\u00e1tus Isz\u00e1kosment\u0151 Misszi\u00f3 \u00e9s a Magyar K\u00e9kkereszt Egyes\u00fclet<\/a><\/li><li><a href=\"http:\/\/www.vetesesaratas.hu\">Vet\u00e9s \u00e9s Arat\u00e1s<\/a><\/li><li><a href=\"http:\/\/www.refpasaret.hu\/\">Pasar\u00e9ti Reform\u00e1tus Gy\u00fclekezet<\/a><\/li><li><a href=\"http:\/\/www.ertem.hu\">\u00c9RTEM &#8211; \u00c9rtelmes Tervezetts\u00e9g Mozgalom<\/a><\/li><li><a href=\"http:\/\/www.apologia.hu\/\">Apol\u00f3gia<\/a><\/li><li><a href=\"http:\/\/www.teremtes.com\/\">Teremt\u00e9s contra evol\u00faci\u00f3<\/a><\/li><li><a href=\"http:\/\/www.misszio.freewb.hu\/\">Misszi\u00f3<\/a><\/li><li><a href=\"http:\/\/teremtestudomany.hu\/\">Teremt\u00e9studom\u00e1ny<\/a><\/li><\/ul>\n","protected":false},"excerpt":{"rendered":"<p>Varga Istv\u00e1n &amp; Makai Roz\u00e1lia weblapja \u00c9jf\u00e9li Ki\u00e1lt\u00e1s Misszi\u00f3 Protest\u00e1ns Teremt\u00e9skutat\u00f3 K\u00f6r Magyar Belmisszi\u00f3 Biatorb\u00e1gy Evang\u00e9liumi Kiad\u00f3 \u00e9s Iratmisszi\u00f3 Reform\u00e1tus Isz\u00e1kosment\u0151 Misszi\u00f3 \u00e9s a Magyar K\u00e9kkereszt Egyes\u00fclet Vet\u00e9s \u00e9s Arat\u00e1s<a href=\"https:\/\/zimanyi.hu\/?page_id=142\" class=\"more-link\"><span class=\"readmore\">Tov\u00e1bb&#8230;<span class=\"screen-reader-text\">LINKEK<\/span><\/span><\/a><\/p>\n","protected":false},"author":1,"featured_media":0,"parent":0,"menu_order":0,"comment_status":"closed","ping_status":"closed","template":"","meta":[],"_links":{"self":[{"href":"https:\/\/zimanyi.hu\/index.php?rest_route=\/wp\/v2\/pages\/142"}],"collection":[{"href":"https:\/\/zimanyi.hu\/index.php?rest_route=\/wp\/v2\/pages"}],"about":[{"href":"https:\/\/zimanyi.hu\/index.php?rest_route=\/wp\/v2\/types\/page"}],"author":[{"embeddable":true,"href":"https:\/\/zimanyi.hu\/index.php?rest_route=\/wp\/v2\/users\/1"}],"replies":[{"embeddable":true,"href":"https:\/\/zimanyi.hu\/index.php?rest_route=%2Fwp%2Fv2%2Fcomments&post=142"}],"version-history":[{"count":8,"href":"https:\/\/zimanyi.hu\/index.php?rest_route=\/wp\/v2\/pages\/142\/revisions"}],"predecessor-version":[{"id":957,"href":"https:\/\/zimanyi.hu\/index.php?rest_route=\/wp\/v2\/pages\/142\/revisions\/957"}],"wp:attachment":[{"href":"https:\/\/zimanyi.hu\/index.php?rest_route=%2Fwp%2Fv2%2Fmedia&parent=142"}],"curies":[{"name":"wp","href":"https:\/\/api.w.org\/{rel}","templated":true}]}}